665
Convert 1066a (base 12) to base 8.
52262
What is -100010111011101001 (base 2) in base 11?
-98554
What is cdad2 (base 16) in base 3?
1120210121212
436088 (base 11) to base 15
db43e
-5973c3 (base 14) to base 13
-82c5c0
Convert -b2056 (base 13) to base 2.
-1001101110010101100
What is 1114217 (base 14) in base 6?
445551245
1747488 (base 13) to base 3
112012220020220
What is 13346a (base 13) in base 3?
212120221110
What is 1771d (base 14) in base 16?
e68f
What is -1aa1414 (base 11) in base 2?
-1101011101111001000111
Convert 1388b (base 12) to base 9.
41248
What is -10111021001110 (base 3) in base 15?
-269ae9
Convert -10405234 (base 7) to base 13.
-253393
Convert -44713573 (base 8) to base 13.
-200881c
Convert 14cda (base 14) to base 11.
36025
Convert -665872 (base 10) to base 16.
-a2910
105679 (base 12) to base 8
770575
Convert 146257 (base 8) to base 4.
30302233
What is 13666 (base 13) in base 4?
20312122
Convert 204403203 (base 5) to base 3.
1121112010211
Convert -306486 (base 12) to base 14.
-15a102
-d4393 (base 14) to base 15
-a1686
What is -350440 (base 11) in base 10?
-556886
What is -ba32 (base 12) in base 8?
-50006
1423052 (base 6) to base 2
10011110010001000
Convert 9792234 (base 10) to base 8.
45265352
-101222100102 (base 3) to base 11
-138349
-9388 (base 11) to base 16
-3096
Convert 5327508 (base 12) to base 16.
f00818
Convert 21013231233 (base 4) to base 6.
123124543
-2173924 (base 10) to base 9
-4073051
21024102 (base 5) to base 9
284176
What is -10031311210 (base 4) in base 16?
-10dd64
Convert 12803d1 (base 14) to base 7.
135522151
Convert 7547146 (base 8) to base 15.
29d2e8
11010110111101111 (base 2) to base 11
75768
Convert -31114704 (base 8) to base 16.
-6499c4
-1012232023 (base 5) to base 14
-3bc9a8
9929b (base 14) to base 13
ccb11
What is -35552 (base 12) in base 10?
-71630
Convert a3b45 (base 14) to base 8.
1402561
What is -3452421 (base 6) in base 14?
-48cc5
-110120303 (base 4) to base 12
-403ab
What is 22121021123 (base 4) in base 6?
134221055
120011221111 (base 3) to base 2
1001000111101100001
35020 (base 12) to base 3
10121012220
15500020 (base 7) to base 13
404b15
What is 2514574 (base 9) in base 2?
101001110000000001100
What is b4a230 (base 13) in base 10?
4220814
-30023212 (base 4) to base 3
-2112102221
What is -4667520 (base 8) in base 7?
-13553232
-202342131 (base 5) to base 10
-824666
1674287 (base 10) to base 11
a43a0a
Convert -1376320 (base 8) to base 15.
-7b400
What is 321100022012 (base 4) in base 8?
71201206
What is -1034316 (base 8) in base 9?
-461478
440659 (base 13) to base 15
219354
What is 12106644 (base 7) in base 10?
1078032
3133223 (base 4) to base 8
33753
Convert 3252055 (base 6) to base 4.
213222203
What is -103332101 (base 4) in base 13?
-2b310
Convert 232030331013 (base 4) to base 10.
12111687
What is -1631690 (base 12) in base 14?
-863d12
What is 1502451 (base 12) in base 6?
230430541
205234 (base 8) to base 15
15352
Convert -2712126 (base 8) to base 9.
-1375868
115973 (base 14) to base 2
10010000011111010001
-162028 (base 9) to base 11
-69068
1483c3 (base 15) to base 10
989733
What is a126 (base 12) in base 6?
212450
What is 130202230 (base 4) in base 13?
4129c
26377 (base 10) to base 16
6709
-18244 (base 10) to base 8
-43504
What is -2e3abb (base 15) in base 3?
-11012210202212
Convert -74a821 (base 13) to base 11.
-15aa099
Convert -d70a (base 14) to base 8.
-110276
-156665a (base 13) to base 3
-110220222101010
1535283 (base 9) to base 12
350063
Convert 1222200021210 (base 3) to base 9.
1880253
What is -ec830 (base 16) in base 5?
-222000002
-1251420 (base 6) to base 14
-1b24c
What is 98ca6a (base 16) in base 10?
10013290
-861246 (base 14) to base 5
-2130130121
1198b9 (base 14) to base 2
10010011001000101011
-5461350 (base 11) to base 8
-44455464
Convert -12212344 (base 7) to base 13.
-2c4973
Convert -238a1 (base 13) to base 3.
-10022102200
141511444 (base 6) to base 13
7a0b48
Convert e103 (base 16) to base 9.
87013
Convert -11000012211 (base 3) to base 15.
-18594
1000000011010001011000 (base 2) to base 16
203458
What is 48dd7 (base 15) in base 11?
14985a
What is 201101331031 (base 4) in base 3?
121102020111021
2047e (base 15) to base 16
18f7d
-101011110001001101 (base 2) to base 7
-1344450
What is 63251 (base 7) in base 15?
492e
Convert -22012102200 (base 3) to base 14.
-42b84
What is -2010222122021 (base 3) in base 5?
-243010401
What is 5930201 (base 10) in base 12?
1b9b9b5
What is 10301331313 (base 4) in base 2?
100110001111101110111
Convert 7816a (base 12) to base 10.
159202
What is -3d3858 (base 16) in base 12?
-14159b4
-34242 (base 13) to base 15
-1d193
What is -110111020111 (base 3) in base 4?
-330001120
Convert 10110100111000010011 (base 2) to base 10.
740883
Convert -413214334 (base 5) to base 7.
-20256413
Convert -4156e (base 15) to base 14.
-55692
What is -3224035 (base 8) in base 2?
-11010010100000011101
-1665654 (base 8) to base 16
-76bac
What is -22888a (base 13) in base 15?
-1128d5
What is 12222110203 (base 4) in base 3?
10021201100111
-9a7848 (base 12) to base 10
-2460152
What is 10001110010011011111 (base 2) in base 8?
2162337
Convert -3110860 (base 9) to base 12.
-681023
Convert a2844 (base 11) to base 10.
150088
Convert 221313041 (base 5) to base 12.
3a5715
Convert -176514 (base 8) to base 14.
-198ba
-63b576 (base 12) to base 2
-110000000100001101010
-1020010223 (base 4) to base 13
-a44a7
11101100110110001111 (base 2) to base 16
ecd8f
Convert -443122101 (base 5) to base 9.
-3555624
12ba4a (base 13) to base 3
212002020012
5054424 (base 8) to base 2
101000101100100010100
100020220001020 (base 3) to base 7
56543634
What is a2682 (base 16) in base 7?
5440261
d8963 (base 14) to base 2
1111111101111001011
-2121221 (base 4) to base 11
-742a
-26461661 (base 7) to base 11
-1413744
What is 18b3a6b (base 14) in base 12?
4135967
What is -2163b (base 13) in base 8?
-165737
What is -10110101101111000 (base 2) in base 15?
-1c883
What is -1111110121 (base 3) in base 15?
-8b1a
-2062162 (base 8) to base 13
-16345b
-2120024 (base 5) to base 13
-132b6
1100010000100100 (base 2) to base 13
19b16
What is 20111120002002 (base 3) in base 8?
15135034
Convert 411672 (base 11) to base 7.
5422026
Convert -6325894 (base 10) to base 15.
-84e514
Convert 127426 (base 14) to base 5.
130302212
Convert -42806 (base 10) to base 6.
-530102
What is -1032510 (base 8) in base 13?
-986b2
What is 6893 (base 11) in base 12?
52a8
16165434 (base 8) to base 7
43464142
-111011000010111111001 (base 2) to base 5
-443403331
What is 1001111101100110 (base 2) in base 3?
2001222100
What is 10000100100001110 (base 2) in base 3?
10110002010
What is -2811764 (base 10) in base 5?
-1204434024
122042223 (base 5) to base 13
174567
Convert -221213211 (base 4) to base 3.
-22122211200
Convert -20023003210 (base 4) to base 13.
-5a021a
What is -12238 (base 12) in base 2?
-101111111001100
-32203113 (base 4) to base 2
-1110100011010111
Convert 516b0b (base 15) to base 9.
7247862
Convert -10212122220202 (base 3) to base 5.
-1011410333
2334741 (base 8) to base 6
21354545
Convert 165588 (base 9) to base 12.
4b415
Convert -161023500 (base 7) to base 11.
-6127639
What is -502620 (base 12) in base 7?
-13416645
Convert 63c06 (base 13) to base 9.
303810
Convert 1a831a (base 11) to base 12.
134391
-10032721 (base 8) to base 13
-58ba92
What is 120322320303 (base 4) in base 7?
106345440
Convert 6760512 (base 10) to base 13.
1529205
-1232042001 (base 5) to base 11
-1771014
Convert 101100330 (base 4) to base 15.
15e46
What is 3442130002 (base 5) in base 6?
434315043
-2113055 (base 8) to base 13
-1691a2
Convert -1b22453 (base 12) to base 5.
-2434044303
-98815d (base 15) to base 13
-1675720
What is -2533006 (base 7) in base 16?
-4ff93
-113406 (base 13) to base 16
-63657
Convert -61888 (base 9) to base 12.
-1b75b
Convert -101110000100011101 (base 2) to base 11.
-119857
What is 1001100011100100001 (base 2) in base 16?
4c721
-2110312301 (base 4) to base 14
-11c2ad
Convert -1189ab (base 13) to base 8.
-1462424
What is -20003 (base 13) in base 3?
-2220100202
Convert 473282 (base 11) to base 13.
203ab6
What is 304920 (base 12) in base 7?
6262242
What is -80568 (base 15) in base 4?
-1203023033
Convert -431334142 (base 5) to base 13.
-4bb487
What is 1001000010111